pose -4*k - 28 = 4*f, -k - 5*f = 3*k + 26. Let x = 8 - k. Is 13 a factor of x?
False
Suppose 2*a + 6 - 4 = -2*j, 5*a - 4*j = -41. Let o(x) be the third derivative of x**5/30 + x**4/4 + x**3/3 + 3*x**2. Does 11 divide o(a)?
True
Suppose -3*y + 6 = 2*n, 0*n + 12 = -4*n. Suppose -f = 4*b - 32, 19 = 3*f - y*b - 13. Suppose -5*s - f = -106. Is 9 a factor of s?
True
Let w = 32 - -4. Let d = -25 + w. Is d a multiple of 6?
False
Let h(f) = 5*f - 1. Let x be h(2). Let b(n) = -n**3 + 10*n**2 - 7*n - 6. Is 4 a factor of b(x)?
True
Let c(w) = -7*w - 53. Is 2 a factor of c(-11)?
True
Let d(i) = -i**3 + 9*i**2 + 9*i + 12. Let t be d(10). Suppose -w - 12 = -3*h, -t*h + w + 7 = -2. Is 3 a factor of h?
True
Let m be 12*-3*4/(-6). Suppose 0 = -s - s + 8, -2*g + m = 2*s. Is 4 a factor of g?
True
Let d = 2 + -6. Let b = d + 6. Suppose -3*u + 16 = -b*u. Is u a multiple of 8?
True
Let f(j) = j**3 - 4*j**2 + 3*j + 2. Let m be f(3). Suppose -3 - 61 = -m*p. Suppose t - 12 = v - 2*v, -5*v = -2*t - p. Is 5 a factor of v?
False
Let z be (-3)/2*(-2 - 0). Let o(x) = 0*x**z - 8*x**2 - 3 - x**3 + 6*x + 0*x**3. Does 20 divide o(-9)?
False
Let h(m) = -m**2 + 11*m + 7. Let l be h(9). Suppose -v + 3*d + 19 = 0, 3*d - l = -5*v + 4*v. Is v a multiple of 22?
True
Is (8/10)/(7/910) a multiple of 16?
False
Let u be (-2)/(-8) + 115/20. Is 3/9 - (-250)/u a multiple of 14?
True
Let x be 3/(-3)*-3*1. Suppose -j + b + 17 = -0*b, x*j - 2*b - 53 = 0. Does 10 divide j?
False
Suppose -5*v + 10*v = 20. Suppose -3*u = m + v - 31, m - 3*u = 45. Is 18 a factor of m?
True
Let x(h) = -h**2 - 11*h - 10. Let k be x(-10). Suppose 3*p - 3 - 12 = k. Does 4 divide p?
False
Let k be ((-6)/(-9))/(2/15). Suppose 11 = c - 3*j + 2*j, -c + 29 = k*j. Is c a multiple of 7?
True
Suppose 2*o + 29 = 83. Let m = 15 - 29. Let j = o + m. Does 6 divide j?
False
Is ((-2 - -7)/1)/((-4)/(-16)) a multiple of 5?
True
Let w = -77 + 123. Is 23 a factor of w?
True
Suppose -2*b + b = 0. Suppose 4*y - 3*a - 83 = b, -2*a = 4*y - 0*a - 98. Is 6 a factor of y?
False
Let p = 1 + 0. Let r = 6 + p. Is (-2)/r - 144/(-14) a multiple of 4?
False
Is 4 a factor of 2/(2/(-3)) - -25?
False
Suppose 0 = 10*z - 5*z - 310. Is z a multiple of 31?
True
Suppose 6*k - 30 = 5*k. Suppose 3*h - 34 = -1. Let t = k - h. Is 8 a factor of t?
False
Let o = 19 - 13. Let j = o - -50. Is 22 a factor of j?
False
Let j = -32 - -44. Is 5 a factor of j?
False
Let l = -79 - -153. Is 11 a factor of l?
False
Let k(m) = m**2 + 2*m + 6. Let j be k(-4). Let n = j - 4. Is n a multiple of 7?
False
Suppose -2*t + 7*t - 520 = 0. Does 26 divide t?
True
Let i = 12 + -2. Let l = 4 + i. Is 10 a factor of l?
False
Suppose 1 = 2*g - 11. Let t be 3 + (-2 - (2 - g)). Suppose -a - 94 = -t*z, 3*a - 56 = -4*z - a. Does 16 divide z?
False
Suppose -6*f + 2*f - n = -21, 4*f + 4*n = 12. Let g = -5 + f. Suppose 3*x = -5*d + 21, 2*x + g = -3*d + 7*x. Is d even?
False
Suppose 4*s = 8*s - 340. Is s a multiple of 17?
True
Let k(q) = q**2 + 3*q - 12. Let t(x) = -11*x + 1. Let n be t(1). Let g be k(n). Suppose -g = -f + 2*m, 2*m - m + 169 = 3*f. Does 28 divide f?
True
Suppose -4*t - 46 = -106. Is 3 a factor of t?
True
Suppose 54 = -3*w + 165. Let u be (18/15)/((-6)/(-100)). Let q = w - u. Is 10 a factor of q?
False
Suppose 12*v - 11*v - 96 = 0. Is 12 a factor of v?
True
Let f be ((3 - 1)/(-1))/(-1). Suppose 0 = q + f*q - 36. Is q a multiple of 7?
False
Suppose 5*g + 14 = -6. Let c = 5 - g. Does 9 divide c?
True
Let i = 64 + -12. Is i a multiple of 13?
True
Let j = 81 + 59. Is 20 a factor of j?
True
Suppose -5*y + 4*m = -127, -5*m = -3*y - 3*m + 77. Is 14 a factor of y?
False
Let v(x) = 2*x**3 + 3*x**2 - 3*x + 3. Let q be v(-3). Let l = 48 + q. Is l a multiple of 9?
False
Suppose y - 30 - 15 = 3*q, 0 = -5*y + 4*q + 236. Is 19 a factor of y?
False
Let x be (-4 + 7)/(3/2). Let y(h) = -h**3 + 6*h**2 + 3. Let i be y(6). Suppose -2*f - i*f = -2*n + 25, 0 = x*f + 6. Is n a multiple of 4?
False
Let p(w) be the third derivative of w**4/6 + w**3/6 - 3*w**2. Let a be p(-1). Is a/3 + (-12)/(-1) a multiple of 11?
True
Suppose 38 = -t + 2*t. Suppose t = -0*b + 2*b. Does 9 divide b?
False
Let x(p) = p**3 - 8*p**2 + 3*p - 5. Let d be x(5). Let l(q) = 10*q**2 + 2*q - 4. Let c be l(3). Let y = c + d. Is y a multiple of 9?
True
Let y(q) = 8*q**2 - 3*q. Let g be y(-4). Let z = g - 70. Is z a multiple of 21?
False
Let h be (-2)/(2/41)*1. Let x = h + 72. Suppose 0*d + x = d. Is 14 a factor of d?
False
Is 6*(0 - 1)*44/(-8) a multiple of 3?
True
Suppose -3*n + 2*n = -66. Is n a multiple of 11?
True
Let j = 204 + -117. Is 29 a factor of j?
True
Suppose 4*u - 116 = 2*m, 94 = 5*u - 2*u - 5*m. Let a = -5 + 6. Is a/(((-2)/u)/(-1)) a multiple of 14?
True
Let z(m) = -m**3 - 5*m**2 + 17*m - 16. Is 16 a factor of z(-9)?
False
Let z = 67 - 63. Is z a multiple of 2?
True
Let a(w) be the second derivative of w**5/20 + w**4/4 - w**3/3 - w**2 + 2*w. Let o be a(2). Is -2*3/(-12)*o a multiple of 4?
False
Let h(k) = 4*k + 37. Does 12 divide h(11)?
False
Let k be ((-2)/1)/2*12. Let t(n) = n**3 + 12*n**2 - n - 6. Does 6 divide t(k)?
True
Let c(l) = -7*l**2. Let f be c(-2). Let u be (-6)/14 + (-12)/f. Does 16 divide (1 + u)/(-1) - -34?
False
Suppose -u + 5 + 13 = 0. Is 4 a factor of u?
False
Let z be (-10)/(-45) + -2 + (-318)/(-27). Suppose 5*k - 72 = 5*b - 22, -2*b = -4*k + 50. Suppose u - 3 = -4*d + z, -4*d + k = 3*u. Is d a multiple of 3?
True
Suppose 10 = 5*w + a, -3*w - 4*a + 5 = -1. Let f = w + -2. Suppose -3*o + 9 + 30 = f. Is o a multiple of 12?
False
Let k(c) = -c**3 - 12*c**2 - 17*c + 10. Is k(-11) a multiple of 4?
True
Let d = -42 + 152. Suppose 0 = -a - 3*s + 32, 5*s + d = -a + 4*a. Is a a multiple of 35?
True
Does 27 divide -1*(29 + 2)*-1?
False
Suppose -4*p - 41 = m, 6*p - 2*p + 16 = 4*m. Is 6 a factor of (-4)/(-1 - 3/p)?
True
Let i be (3 - 1)*21/6. Let g(m) = -7*m**2 + 15*m + 14. Let t(k) = -3*k**2 + 7*k + 7. Let s(r) = 2*g(r) - 5*t(r). Is s(i) a multiple of 7?
True
Suppose 3*n = -n + 4, 2*b - 7 = -3*n. Suppose 3*u + 2*u - 309 = b*j, 0 = -2*u + 5*j + 111. Let w = u + -36. Is 9 a factor of w?
True
Suppose 0*r + r - 4 = 0. Suppose r*q - 257 - 235 = 0. Suppose 4*d - 1 - q = 0. Does 17 divide d?
False
Let q = -209 + 389. Is 45 a factor of q?
True
Let c(n) = 3*n**2 - n + 6. Let l(x) = x**2 - x. Let f(p) = -c(p) + 4*l(p). Is f(6) a multiple of 12?
True
Suppose -90 = 3*t - 5*t. Suppose 3*o + 0*o = -t. Does 7 divide (12/o)/(4/(-70))?
True
Let r = 7 + -7. Suppose -4*d + 5*d - 10 = r. Is 8 a factor of d?
False
Suppose 2*d = -k - 43, 4*k + 20 + 137 = -5*d. Let u = 100 + -105. Does 11 divide k*(-2 - u)/(-9)?
True
Suppose -c - 6 = -106. Is 15 a factor of c?
False
Suppose -2*m + t = 1, -m + 0*m = -t + 2. Let r = 1 + 13. Let x = r - m. Is 13 a factor of x?
True
Let k = -108 - -278. Suppose -o + 14 = 5*l, -2*l = -5*o - 7*l + k. Is o a multiple of 11?
False
Suppose -6*x - 180 = -x. Let k = x + 70. Does 18 divide k?
False
Suppose 2*f = 5*f + 2*t - 450, 4*t + 750 = 5*f. Does 50 divide f?
True
Suppose -2*m + 1 = 4*q - 5, 0 = -3*m - 3*q + 9. Suppose -2*k + 37 + m = 0. Is k a multiple of 10?
True
Suppose -62 = -2*m - 2*x, 0*x - 130 = -4*m - 2*x. Suppose m = 2*o - 12. Is 8 a factor of o?
False
Suppose -2*y + 0 = a - 6, a + 4*y = 8. Let t(u) = 2*u - 3. Let w be t(a). Is 4 a factor of 4/w*5*2?
True
Is (-2 - 176/20)*-5 a multiple of 14?
False
Suppose -y = -2*m - 152, 7*m + 300 = 2*y + 4*m. Does 24 divide y?
True
Let r(t) = -2*t**3 - t**2 + 2*t. Let b be r(-2). Suppose -10 = -2*w + 5*p, 4*w - 3*w - 4*p - b = 0. Is (-24 + w)*(-4)/8 a multiple of 12?
True
Let t(m) = m**2 + 8*m + 7. Let v(z) = -8*z**2 - 56*z - 48. Let b(k) = -20*t(k) - 3*v(k). Let u be b(-5). Suppose -u = -2*s - 0*s. Does 9 divide s?
False
Let j be (2/4*-10)/(-1). Let z = j + -3. Suppose z*w + 4 = 3*w. Is w even?
True
Let j = -17 - -11. Let o = -1 - j. Let y = 6 + o. Is 8 a factor of y?
False
Let w = -22 + 32. Is 10 a factor of w?
True
Is 8 a factor of 141*2/3 + (-4 - -1)?
False
Is 6/(18/195) + 2 a multiple of 11?
False
Let u be 1 - 2 - (2 + -3). Let f be (-1 + u)*(1 - 24). Suppose -2*q + f = -43. Does 22 divide q?
False
Let a = 5 + -3. Let b(s) = -18*s**2 + 26*s**2 + 23*s**2 + 11*s**a. Is 19 a factor of b(-1)?
False
Suppose 4*r = 3*r + 1. Let f be 1*(r + -3 + 2). Let a(z) = z + 13